{"id":12,"date":"2013-12-21T18:16:02","date_gmt":"2013-12-21T17:16:02","guid":{"rendered":"http:\/\/sanboin.mahajana.net\/?page_id=12"},"modified":"2019-07-05T01:02:27","modified_gmt":"2019-07-04T23:02:27","slug":"nauczyciele","status":"publish","type":"page","link":"https:\/\/sanboin.mahajana.pl\/?page_id=12","title":{"rendered":"Nauczyciele"},"content":{"rendered":"\n<p><a href=\"http:\/\/sanboin.mahajana.pl\/?page_id=186\">System kszta\u0142cenia<\/a><\/p>\n\n\n\n<p><a href=\"http:\/\/sanboin.mahajana.pl\/?page_id=188\">Jego \u015awi\u0105tobliwo\u015b\u0107 Eiheiji Zenji<\/a><\/p>\n\n\n\n<p><a href=\"http:\/\/sanboin.mahajana.pl\/?page_id=190\">Jego \u015awi\u0105tobliwo\u015b\u0107 Sojiji Zenji<\/a><\/p>\n\n\n\n<p><a href=\"http:\/\/sanboin.mahajana.pl\/?page_id=193\">G\u0142\u00f3wni nauczyciele w&nbsp;klasztorach<\/a><\/p>\n\n\n\n<p><a href=\"http:\/\/sanboin.mahajana.pl\/?page_id=195\">Sokan w&nbsp;Europie <\/a><\/p>\n","protected":false},"excerpt":{"rendered":"<p>System kszta\u0142cenia Jego \u015awi\u0105tobliwo\u015b\u0107 Eiheiji Zenji Jego \u015awi\u0105tobliwo\u015b\u0107 Sojiji Zenji G\u0142\u00f3wni nauczyciele w&nbsp;klasztorach Sokan w&nbsp;Europie<\/p>\n","protected":false},"author":1,"featured_media":0,"parent":0,"menu_order":4,"comment_status":"closed","ping_status":"closed","template":"","meta":[],"_links":{"self":[{"href":"https:\/\/sanboin.mahajana.pl\/index.php?rest_route=\/wp\/v2\/pages\/12"}],"collection":[{"href":"https:\/\/sanboin.mahajana.pl\/index.php?rest_route=\/wp\/v2\/pages"}],"about":[{"href":"https:\/\/sanboin.mahajana.pl\/index.php?rest_route=\/wp\/v2\/types\/page"}],"author":[{"embeddable":true,"href":"https:\/\/sanboin.mahajana.pl\/index.php?rest_route=\/wp\/v2\/users\/1"}],"replies":[{"embeddable":true,"href":"https:\/\/sanboin.mahajana.pl\/index.php?rest_route=%2Fwp%2Fv2%2Fcomments&post=12"}],"version-history":[{"count":3,"href":"https:\/\/sanboin.mahajana.pl\/index.php?rest_route=\/wp\/v2\/pages\/12\/revisions"}],"predecessor-version":[{"id":474,"href":"https:\/\/sanboin.mahajana.pl\/index.php?rest_route=\/wp\/v2\/pages\/12\/revisions\/474"}],"wp:attachment":[{"href":"https:\/\/sanboin.mahajana.pl\/index.php?rest_route=%2Fwp%2Fv2%2Fmedia&parent=12"}],"curies":[{"name":"wp","href":"https:\/\/api.w.org\/{rel}","templated":true}]}}