{"id":124,"date":"2013-12-24T14:28:45","date_gmt":"2013-12-24T13:28:45","guid":{"rendered":"http:\/\/sanboin.mahajana.net\/?page_id=124"},"modified":"2013-12-26T22:15:09","modified_gmt":"2013-12-26T21:15:09","slug":"shoboji","status":"publish","type":"page","link":"https:\/\/sanboin.mahajana.pl\/?page_id=124","title":{"rendered":"Shoboji"},"content":{"rendered":"<p style=\"text-align: justify;\">Za\u0142o\u017cony w&nbsp;1348\u00a0roku przez&nbsp;Mutei Ryosho Zenji. Mutei Ryosho Zenji by\u0142 uczniem dw\u00f3ch wielkich mistrz\u00f3w Meiho Sotetsu Zenji i&nbsp;Gasan Joseki Zenji oraz&nbsp;nast\u0119pc\u0105 tego ostatniego. Shoboji znajduje si\u0119 w&nbsp;Prefekturze Iwate w&nbsp;p\u00f3\u0142nocno-wschodniej Japonii, kilkaset kilometr\u00f3w na&nbsp;p\u00f3\u0142noc od&nbsp;Tokio. Przez&nbsp;wieki Shoboji by\u0142 g\u0142\u00f3wnym klasztorem w&nbsp;tej&nbsp;cz\u0119\u015bci Japonii i&nbsp;odgrywa\u0142 wielk\u0105 rol\u0119 w&nbsp;rozprzestrzenianiu Dharmy w&nbsp;tym regionie zdobywaj\u0105c tym samym wa\u017cn\u0105 pozycj\u0119 w&nbsp;szkole Soto. Dzisiaj wci\u0105\u017c pozostaj\u0105 imponuj\u0105ce budynki i&nbsp;ca\u0142y klasztor jest po\u0142o\u017cony w&nbsp;g\u00f3rach z&nbsp;dala od&nbsp;zgie\u0142ku. Niestety jego rola w&nbsp;treningu mnich\u00f3w znacznie zmala\u0142a, cho\u0107 klasztor ma wa\u017cne miejsce w&nbsp;historii tradycji Dharmy.<\/p>\n","protected":false},"excerpt":{"rendered":"<p>Za\u0142o\u017cony w&nbsp;1348\u00a0roku przez&nbsp;Mutei Ryosho Zenji. Mutei Ryosho Zenji by\u0142 uczniem dw\u00f3ch wielkich mistrz\u00f3w Meiho Sotetsu<a class=\"post_read_more\" href=\"https:\/\/sanboin.mahajana.pl\/?page_id=124\">Czytaj dalej<\/a><\/p>\n","protected":false},"author":1,"featured_media":125,"parent":35,"menu_order":0,"comment_status":"closed","ping_status":"closed","template":"","meta":[],"_links":{"self":[{"href":"https:\/\/sanboin.mahajana.pl\/index.php?rest_route=\/wp\/v2\/pages\/124"}],"collection":[{"href":"https:\/\/sanboin.mahajana.pl\/index.php?rest_route=\/wp\/v2\/pages"}],"about":[{"href":"https:\/\/sanboin.mahajana.pl\/index.php?rest_route=\/wp\/v2\/types\/page"}],"author":[{"embeddable":true,"href":"https:\/\/sanboin.mahajana.pl\/index.php?rest_route=\/wp\/v2\/users\/1"}],"replies":[{"embeddable":true,"href":"https:\/\/sanboin.mahajana.pl\/index.php?rest_route=%2Fwp%2Fv2%2Fcomments&post=124"}],"version-history":[{"count":4,"href":"https:\/\/sanboin.mahajana.pl\/index.php?rest_route=\/wp\/v2\/pages\/124\/revisions"}],"predecessor-version":[{"id":325,"href":"https:\/\/sanboin.mahajana.pl\/index.php?rest_route=\/wp\/v2\/pages\/124\/revisions\/325"}],"up":[{"embeddable":true,"href":"https:\/\/sanboin.mahajana.pl\/index.php?rest_route=\/wp\/v2\/pages\/35"}],"wp:featuredmedia":[{"embeddable":true,"href":"https:\/\/sanboin.mahajana.pl\/index.php?rest_route=\/wp\/v2\/media\/125"}],"wp:attachment":[{"href":"https:\/\/sanboin.mahajana.pl\/index.php?rest_route=%2Fwp%2Fv2%2Fmedia&parent=124"}],"curies":[{"name":"wp","href":"https:\/\/api.w.org\/{rel}","templated":true}]}}