{"id":186,"date":"2013-12-24T22:51:21","date_gmt":"2013-12-24T21:51:21","guid":{"rendered":"http:\/\/sanboin.mahajana.net\/?page_id=186"},"modified":"2013-12-26T03:42:21","modified_gmt":"2013-12-26T02:42:21","slug":"system-ksztalcenia","status":"publish","type":"page","link":"https:\/\/sanboin.mahajana.pl\/?page_id=186","title":{"rendered":"System kszta\u0142cenia"},"content":{"rendered":"<h2 style=\"text-align: center;\">Okres pocz\u0105tku i&nbsp;\u015bredniowiecza<\/h2>\n<p style=\"text-align: justify;\">Zgodnie z&nbsp;zasadami pochodz\u0105cymi z&nbsp;czas\u00f3w Dogena Zenji, Pierwszego Patriarchy Soto Zen w&nbsp;Japonii, kt\u00f3re zosta\u0142y przez&nbsp;niego samego ustanowione w\u015br\u00f3d mnich\u00f3w zen panowa\u0142 jasny podzia\u0142 hierarchii.<\/p>\n<p style=\"text-align: justify;\">Mnisi, kt\u00f3rzy&nbsp;odbyli pi\u0119cioletnie odosobnienie w&nbsp;zamkni\u0119tym klasztorze nazywani byli Ajari, w&nbsp;sanskrycie Aczaria. Ka\u017cdy kto mia\u0142 za&nbsp;sob\u0105 ten okres praktyki by\u0142 seniorem i&nbsp;nosi\u0142 ten tytu\u0142.<\/p>\n<p style=\"text-align: justify;\">Mnisi, kt\u00f3rzy&nbsp;sp\u0119dzili dziesi\u0119\u0107 lat na&nbsp;odosobnieniu, nazywani byli zgodnie z&nbsp;regu\u0142\u0105 Osho, w&nbsp;sanskrycie Upadhaya.<\/p>\n<p style=\"text-align: justify;\">Praktyka w&nbsp;klasztorze skupiona by\u0142a na&nbsp;medytacji. Medytacja w&nbsp;klasztorze sk\u0142ada\u0142a si\u0119 z&nbsp;czterech okres\u00f3w w&nbsp;ci\u0105gu doby. Pierwsze medytacje trwa\u0142y oko\u0142o trzech godzin od&nbsp;wczesnego \u015bwitu do&nbsp;rana. Nast\u0119pnie by\u0142 okres przed&nbsp;po\u0142udniem, po&nbsp;po\u0142udniu i&nbsp;wieczorem. Medytowano oko\u0142o dziesi\u0119ciu dwunastu godzin w&nbsp;ci\u0105gu doby.<\/p>\n<p style=\"text-align: justify;\">Opr\u00f3cz medytacji wa\u017cnym elementem by\u0142y nauki Dharmy, dawane w&nbsp;Hatto \u2014&nbsp;\u015awi\u0105tyni Dharmy, gdzie mistrz klasztoru siedzia\u0142 na&nbsp;tronie na&nbsp;o\u0142tarzu, a&nbsp;za&nbsp;nim znajdowa\u0142a si\u0119 figura Awalokite\u015bwary Bodhisattwy \u2014&nbsp;po&nbsp;japo\u0144sku Kannon Bosatsu.<\/p>\n<p style=\"text-align: justify;\">W&nbsp;innym budynku \u2014\u00a0<b><i>Shuryo<\/i><\/b>, Departamencie Mnich\u00f3w \u2014&nbsp;trwa\u0142y indywidualne studia, kt\u00f3re obejmowa\u0142y r\u00f3\u017cne teksty kanoniczne oraz&nbsp;teksty zen. Te ostatnie by\u0142y podzielone na&nbsp;r\u00f3\u017cne kategorie, mi\u0119dzy innymi na&nbsp;tzw.\u00a0<b><i>Shingi<\/i><\/b>\u00a0\u2014 dotyczy\u0142y r\u00f3\u017cnych aspekt\u00f3w dyscypliny klasztornej, mnisiej i&nbsp;regulowa\u0142y \u015bci\u015ble zwi\u0105zek z&nbsp;nauczycielem oraz\u00a0<b><i>Roku<\/i><\/b>\u00a0\u2014 kt\u00f3re by\u0142y zapiskami nauk staro\u017cytnych patriarch\u00f3w chi\u0144skich.<\/p>\n<p style=\"text-align: justify;\">Opr\u00f3cz tych tekst\u00f3w studiowano indywidualnie\u00a0<b><i>koany<\/i><\/b>\u00a0pod kierunkiem osobistego nauczyciela z&nbsp;tym, \u017ce&nbsp;te studia by\u0142y pozbawione og\u00f3lnej uniformizacji, to&nbsp;znaczy w&nbsp;r\u00f3\u017cnych klasztorach studiowano inne serie\u00a0<b><i>koan\u00f3w<\/i><\/b>\u00a0i formalnie zale\u017ca\u0142o to&nbsp;od&nbsp;linii przekazu Dharmy, kt\u00f3r\u0105 dany nauczyciel odziedziczy\u0142 po&nbsp;swoim nauczycielu.<\/p>\n<p style=\"text-align: justify;\">Je\u015bli\u00a0<b><i>Shingi<\/i><\/b>\u00a0i\u00a0<b><i>Roku<\/i><\/b>\u00a0by\u0142y dost\u0119pne dla wszystkich mnich\u00f3w, to\u00a0<b><i>zbiory koan\u00f3w<\/i><\/b>\u00a0danej linii pozostawa\u0142y \u015bcis\u0142\u0105 tajemnic\u0105 wyjawian\u0105 jedynie prywatnie pomi\u0119dzy nauczycielem i&nbsp;uczniem.\u00a0<b><i>Shingi<\/i><\/b>\u00a0i\u00a0<b><i>Roku<\/i><\/b>\u00a0by\u0142y standardowe dla wszystkich niemal\u017ce klasztor\u00f3w.<\/p>\n<p style=\"text-align: justify;\">Opr\u00f3cz studi\u00f3w mnisi zaj\u0119ci byli nauk\u0105 rytua\u0142\u00f3w, nauk\u0105 prowadzenia religijnych recytacji, odprawiania ceremonii r\u00f3\u017cnego rodzaju itp. To&nbsp;powodowa\u0142o, \u017ce&nbsp;czas jaki wymagano na&nbsp;sp\u0119dzenie w&nbsp;klasztorze by\u0142 stosunkowo d\u0142ugi. Panowa\u0142o og\u00f3lne zalecenie, i\u017c przekaz Dharmy nie&nbsp;m\u00f3g\u0142 si\u0119 odby\u0107 szybciej ni\u017c po&nbsp;12\u00a0latach oddanych studi\u00f3w i&nbsp;praktyki pod&nbsp;kierunkiem do\u015bwiadczonego mistrza. Co wi\u0119cej oznacza\u0142o to&nbsp;r\u00f3wnie\u017c, i\u017c ucze\u0144 musia\u0142 co najmniej do\u015bwiadczy\u0107 stanu nie-ja\u017ani. Zaznaczy\u0107 jednak trzeba, i\u017c \u00f3wczesna intensywno\u015b\u0107 praktyki i&nbsp;ca\u0142kowite oddanie jest dzisiaj ju\u017c niespotykane. To&nbsp;co dawniej mog\u0142o oznacza\u0107 12\u00a0lat oddanej praktyki i&nbsp;studi\u00f3w, dzisiaj mo\u017ce r\u00f3wnie dobrze znaczy\u0107\u00a030, a&nbsp;nawet 40\u00a0lat i&nbsp;wci\u0105\u017c jest w\u0105tpliwe czy&nbsp;kto\u015b jest na&nbsp;podobnym poziomie do\u015bwiadczenia i&nbsp;zrozumienia Dharmy.<\/p>\n<p style=\"text-align: justify;\">W&nbsp;pocz\u0105tkowym okresie przekaz Dharmy by\u0142 nierozerwalnie zwi\u0105zany z&nbsp;urzeczywistnieniem ucznia, z&nbsp;do\u015bwiadczeniem autentycznego duchowego przebudzenia.<\/p>\n<h2 style=\"text-align: center;\">Okres zmian i&nbsp;wymagania stawiane dzisiaj mnichom i&nbsp;nauczycielom<\/h2>\n<p style=\"text-align: justify;\">Z&nbsp;czasem przekaz Dharmy s\u0142ab\u0142 podobnie jak ca\u0142a tradycja i&nbsp;stawa\u0142 si\u0119 coraz bardziej formalny. S\u0142ab\u0142o te\u017c coraz bardziej do\u015bwiadczenie i&nbsp;w&nbsp;drugiej po\u0142owie XIX\u00a0wieku przekaz Dharmy r\u00f3\u017cni\u0142 si\u0119 znacznie od&nbsp;swego pierwowzoru.<\/p>\n<p style=\"text-align: justify;\">Niemniej przekaz Dharmy, po&nbsp;japo\u0144sku\u00a0<b><i>SHIHO,<\/i><\/b>\u00a0jest wci\u0105\u017c najwa\u017cniejszym aspektem utrzymania linii Soto, r\u00f3wnie\u017c jest absolutnym i&nbsp;niezmiennym wymogiem dla os\u00f3b maj\u0105cych sta\u0107 si\u0119 nauczycielami Soto Zen.<\/p>\n<p style=\"text-align: justify;\">Trening mnicha, kt\u00f3ry&nbsp;prowadzi do&nbsp;osi\u0105gni\u0119cia pozycji nauczyciela dzisiaj ma nast\u0119puj\u0105cy przebieg.<\/p>\n<p style=\"text-align: justify;\">Pierwszym krokiem jest wy\u015bwi\u0119cenie na&nbsp;mnicha w&nbsp;\u015bwi\u0105tyni publicznej, tzw.\u00a0<b><i>Shukke Tokudo<\/i><\/b>. Mistrz wy\u015bwi\u0119cenia staje si\u0119 osobistym nauczycielem nowicjusza. Ten zobowi\u0105zany jest pozosta\u0107 przy nauczycielu tak&nbsp;d\u0142ugo jak ten uzna to&nbsp;za&nbsp;stosowne. W&nbsp;tym czasie mnich ma mo\u017cliwo\u015b\u0107 poznania \u017cycia \u015bwi\u0105tynnego, codziennych rytua\u0142\u00f3w, etykiety, medytacji i&nbsp;innych aspekt\u00f3w \u017cycia mnisiego.<\/p>\n<p style=\"text-align: justify;\">Drugim krokiem, kt\u00f3ry&nbsp;jest wymogiem stawianym przez&nbsp;szko\u0142\u0119 Soto jest odej\u015bcie do&nbsp;klasztoru, na&nbsp;w\u0142a\u015bciw\u0105 praktyk\u0119 mnisi\u0105 i&nbsp;odosobnienie. Okres dzisiaj wymagany jest znacznie kr\u00f3tszy ni\u017c pierwotnie. Niemniej powinien trwa\u0107 co najmniej kilka lat \u017ceby&nbsp;rzeczywi\u015bcie mnich m\u00f3g\u0142 czego\u015b si\u0119 nauczy\u0107.<\/p>\n<p style=\"text-align: justify;\">Mnich nowicjusz mo\u017ce r\u00f3wnie\u017c przed&nbsp;odej\u015bciem do&nbsp;klasztoru lub po&nbsp;odbyciu praktyki klasztornej p\u00f3j\u015b\u0107 na&nbsp;studia buddyjskie na&nbsp;uniwersytet Komazawa nale\u017c\u0105cy do&nbsp;szko\u0142y Soto. Studia podobne s\u0105 w&nbsp;przebiegu do&nbsp;zachodnich studi\u00f3w i&nbsp;trwaj\u0105 podobny okres czasu.<\/p>\n<p style=\"text-align: justify;\">Ka\u017cdy mnich Soto jest zobowi\u0105zany wzi\u0105\u0107 udzia\u0142 w\u00a0<b><i>Hossen Shiki<\/i><\/b>, czyli Walce Dharmy. Ten egzamin po\u0142\u0105czony z&nbsp;rytua\u0142em jest star\u0105 tradycj\u0105 si\u0119gaj\u0105c\u0105 czas\u00f3w pocz\u0105tku Soto w&nbsp;Japonii. Ka\u017cdy mnich wy\u015bwi\u0119cony w&nbsp;Soto jest zobowi\u0105zany przej\u015b\u0107 przez\u00a0<b><i>Hossen Shiki<\/i><\/b>, nawet je\u015bli nie&nbsp;otrzyma nigdy przekazu Dharmy. Tutaj jest jedno zastrze\u017cenie i&nbsp;obecnie obowi\u0105zuj\u0105ce prawo w&nbsp;Soto. Je\u015bli mnich mia\u0142 poni\u017cej 40\u00a0lat w&nbsp;czasie swojego wy\u015bwi\u0119cenia \u2014\u00a0<b><i>Shukke Tokudo<\/i><\/b>, w\u00f3wczas musi przej\u015b\u0107\u00a0<b><i>Hossen Shiki<\/i><\/b>\u00a0w ci\u0105gu nast\u0119pnych 20\u00a0lat. Je\u015bli mia\u0142 ponad 40\u00a0lat w&nbsp;momencie wy\u015bwi\u0119cenia, to&nbsp;ma na&nbsp;to&nbsp;tylko&nbsp;10\u00a0lat.<\/p>\n<p style=\"text-align: justify;\">Mnich przechodz\u0105cy przez\u00a0<b><i>Hossen Shiki<\/i><\/b>\u00a0nosi tytu\u0142\u00a0<b><i>Shuso<\/i><\/b>, co oznacza G\u0142\u00f3wny Mnich \u2014&nbsp;w&nbsp;domy\u015ble, g\u0142\u00f3wny mnich w&nbsp;grupie praktykuj\u0105cych nowicjuszy. Dawniej\u00a0<b><i>Shuso<\/i><\/b>\u00a0zostawali tylko&nbsp;o\u015bwieceni uczniowie mistrz\u00f3w w&nbsp;klasztorach.<\/p>\n<p style=\"text-align: justify;\">Je\u015bli wszystko zako\u0144czy si\u0119 powodzeniem, w\u00f3wczas mistrz wy\u015bwi\u0119cenia lub inny nauczyciel mo\u017ce da\u0107 mnichowi przekaz Dharmy \u2014\u00a0<b><i>Shiho<\/i><\/b>, na&nbsp;kt\u00f3re musi wyda\u0107 pozwolenie Shumucho \u2014&nbsp;G\u0142\u00f3wny Urz\u0105d Soto.<\/p>\n<p style=\"text-align: justify;\">Nast\u0119pnie przekaz Dharmy Musi by\u0107 rozpoznany przez&nbsp;dwa g\u0142\u00f3wne klasztory Eiheiji i&nbsp;Sojiji. Odbywa si\u0119 to&nbsp;w&nbsp;czasie bardzo podnios\u0142ej ceremonii zwanej Ziuse, w&nbsp;kt\u00f3rej&nbsp;nowo uznany mnich \u2014&nbsp;nast\u0119pca Dharmy, odprawia specjalne dwie ceremonie w&nbsp;ka\u017cdym z&nbsp;tych klasztor\u00f3w, jako g\u0142\u00f3wny celebrant.<\/p>\n<p style=\"text-align: justify;\">Gdy&nbsp;wszystkie te warunki zostan\u0105 spe\u0142nione, w\u00f3wczas G\u0142\u00f3wny Urz\u0105d Soto mo\u017ce wyda\u0107 na&nbsp;podstawie zebranych dokument\u00f3w potwierdzaj\u0105cych uko\u0144czenie z&nbsp;powodzeniem wszystkich stopni i&nbsp;spe\u0142nieniu wymog\u00f3w \u015bwiadectwo potwierdzaj\u0105ce zdolno\u015b\u0107 mnicha do&nbsp;pe\u0142nienia funkcji opata i&nbsp;nadaj\u0105ce mu rang\u0119 nauczyciela religii w&nbsp;publicznej \u015bwi\u0105tyni.<\/p>\n<p style=\"text-align: justify;\">Je\u015bli mnich powr\u00f3ci\u0142by po&nbsp;tym do&nbsp;klasztoru, w\u00f3wczas mo\u017ce obj\u0105\u0107 funkcj\u0119 \u015bredniego personelu klasztornego w&nbsp;administracji klasztornej lub w&nbsp;cz\u0119\u015bci prowadz\u0105cej odosobnienia dla mnich\u00f3w. Nie&nbsp;ma jeszcze w&nbsp;tym czasie \u017cadnych praw jako nauczyciel klasztorny, ale&nbsp;bierze odpowiedzialne stanowisko pomagaj\u0105c w&nbsp;edukacji mnich\u00f3w sam jednocze\u015bnie kontynuuj\u0105c swoj\u0105 praktyk\u0119 medytacyjn\u0105 i&nbsp;studia pod&nbsp;kierunkiem opata klasztoru lub innego nauczyciela prowadz\u0105cego bezpo\u015brednio praktyk\u0119 mnich\u00f3w. W&nbsp;Sodo takich nauczycieli mo\u017ce by\u0107 dw\u00f3ch:\u00a0<b><i>Tanto i&nbsp;Godo<\/i><\/b>.<\/p>\n<p style=\"text-align: justify;\">Po&nbsp;d\u0142ugich latach sp\u0119dzonych w&nbsp;klasztorze mnich mo\u017ce otrzyma\u0107 prawo nauczania w&nbsp;klasztorze i&nbsp;staje si\u0119 w&nbsp;pe\u0142ni kwalifikowanym nauczycielem Soto Zen, tzw.<b><i>Shike<\/i><\/b>. Ale&nbsp;te\u017c musi najpierw przej\u015b\u0107 przez&nbsp;specjaln\u0105 edukacj\u0119 tzw.\u00a0<b><i>Shikeyoseijo<\/i><\/b>, kt\u00f3ra&nbsp;trwa cztery lata. Ta edukacja zabiera 3 miesi\u0105ce w&nbsp;ci\u0105gu roku, gdzie przyszli nauczyciele odbywaj\u0105 wsp\u00f3lnie odosobnienie w&nbsp;wyznaczonym zamkni\u0119tym klasztorze. Tytu\u0142\u00a0<b><i>Shike<\/i><\/b>\u00a0jest niezale\u017cny od&nbsp;rangi, kt\u00f3r\u0105 wcze\u015bniej si\u0119 otrzymuje jako nauczyciel religii. Tych stopni jest pi\u0119\u0107 w&nbsp;tradycji Soto. Podana kolejno\u015b\u0107 jest od&nbsp;najni\u017cszej do&nbsp;najwy\u017cszej. Pi\u0105ta pozycja jest najwy\u017csz\u0105 rang\u0105 nauczyciela i&nbsp;nikt nie&nbsp;mo\u017ce obj\u0105\u0107 pozycji najwy\u017cszego opata w&nbsp;Soto, tzn. opata g\u0142\u00f3wnego klasztoru Eiheiji i&nbsp;Sojiji oraz&nbsp;innych bardzo wa\u017cnych klasztor\u00f3w.<\/p>\n<p><span style=\"text-align: justify;\"><strong>Nito Kyoshi<\/strong> \u2014&nbsp;Nauczyciel Religii Drugiej Rangi<\/span><br \/>\n<span style=\"text-align: justify;\"><strong>Itto Kyoshi<\/strong> \u2014&nbsp;Nauczyciel Religii Pierwszej Rangi<\/span><br \/>\n<span style=\"text-align: justify;\"><strong>Sei Kyoshi<\/strong> \u2014&nbsp;Prawdziwy Nauczyciel Religii<\/span><br \/>\n<span style=\"text-align: justify;\"><strong>Gendai Kyoshi<\/strong> \u2014&nbsp;Wst\u0119pny Wielki Nauczyciel Religii<\/span><br \/>\n<span style=\"text-align: justify;\"><strong>Dai Kyoshi<\/strong> \u2014&nbsp;Wielki Nauczyciel Religii<\/span><\/p>\n<p style=\"text-align: justify;\">Obecnie, je\u015bli kto\u015b nie&nbsp;otrzyma \u017cadnej z&nbsp;tych rang, czyli nie&nbsp;dope\u0142ni obowi\u0105zku edukacji i&nbsp;praktyki w&nbsp;klasztorze specjalnie do&nbsp;tego przeznaczonym, to&nbsp;nie&nbsp;ma prawa naucza\u0107 w&nbsp;Soto Zen, nawet je\u015bli otrzyma\u0142\u00a0<b><i>Shiho<\/i><\/b>\u00a0\u2014\u00a0<b><i>przekaz Dharmy<\/i><\/b>.<\/p>\n<p style=\"text-align: justify;\">W&nbsp;przypadku, je\u015bli nauczyciel nie&nbsp;zosta\u0142\u00a0<b><i>Shike<\/i><\/b>\u00a0w klasztorze, to&nbsp;ka\u017cdy z&nbsp;nauczycieli religii ma obowi\u0105zek prowadzenia indywidualnych studi\u00f3w. Szko\u0142a Soto wymaga od&nbsp;swoich mnich\u00f3w i&nbsp;kap\u0142an\u00f3w nie&nbsp;b\u0119d\u0105cych\u00a0<b><i>Shike<\/i><\/b>, a&nbsp;posiadaj\u0105cych rang\u0119 nauczyciela, by&nbsp;regularnie brali udzia\u0142 w&nbsp;spotkaniach grup studiuj\u0105cych w&nbsp;swoim rejonie administracyjnym. W&nbsp;dzisiejszej szkole Soto, Japonia jest podzielona na&nbsp;rejony i&nbsp;nad&nbsp;ka\u017cdym, w\u0142adz\u0119 sprawuje Lokalny Urz\u0105d Soto. To&nbsp;ten urz\u0105d jest odpowiedzialny za&nbsp;nauk\u0119 wyedukowanych kap\u0142an\u00f3w i&nbsp;opat\u00f3w publicznych \u015bwi\u0105ty\u0144, kt\u00f3ra&nbsp;powinna by\u0107 kontynuowana do&nbsp;50-tego roku \u017cycia. Dopiero po&nbsp;uko\u0144czeniu 50\u00a0lat zostaje si\u0119 zwolnionym z&nbsp;tego obowi\u0105zku.<\/p>\n<p style=\"text-align: justify;\">To&nbsp;jest najbardziej og\u00f3lny opis warunk\u00f3w jakie musi spe\u0142ni\u0107 nauczyciel Soto Zen w&nbsp;Japonii.<\/p>\n","protected":false},"excerpt":{"rendered":"<p>Okres pocz\u0105tku i&nbsp;\u015bredniowiecza Zgodnie z&nbsp;zasadami pochodz\u0105cymi z&nbsp;czas\u00f3w Dogena Zenji, Pierwszego Patriarchy Soto Zen w&nbsp;Japonii, kt\u00f3re<a class=\"post_read_more\" href=\"https:\/\/sanboin.mahajana.pl\/?page_id=186\">Czytaj dalej<\/a><\/p>\n","protected":false},"author":1,"featured_media":291,"parent":12,"menu_order":0,"comment_status":"closed","ping_status":"closed","template":"","meta":[],"_links":{"self":[{"href":"https:\/\/sanboin.mahajana.pl\/index.php?rest_route=\/wp\/v2\/pages\/186"}],"collection":[{"href":"https:\/\/sanboin.mahajana.pl\/index.php?rest_route=\/wp\/v2\/pages"}],"about":[{"href":"https:\/\/sanboin.mahajana.pl\/index.php?rest_route=\/wp\/v2\/types\/page"}],"author":[{"embeddable":true,"href":"https:\/\/sanboin.mahajana.pl\/index.php?rest_route=\/wp\/v2\/users\/1"}],"replies":[{"embeddable":true,"href":"https:\/\/sanboin.mahajana.pl\/index.php?rest_route=%2Fwp%2Fv2%2Fcomments&post=186"}],"version-history":[{"count":3,"href":"https:\/\/sanboin.mahajana.pl\/index.php?rest_route=\/wp\/v2\/pages\/186\/revisions"}],"predecessor-version":[{"id":253,"href":"https:\/\/sanboin.mahajana.pl\/index.php?rest_route=\/wp\/v2\/pages\/186\/revisions\/253"}],"up":[{"embeddable":true,"href":"https:\/\/sanboin.mahajana.pl\/index.php?rest_route=\/wp\/v2\/pages\/12"}],"wp:featuredmedia":[{"embeddable":true,"href":"https:\/\/sanboin.mahajana.pl\/index.php?rest_route=\/wp\/v2\/media\/291"}],"wp:attachment":[{"href":"https:\/\/sanboin.mahajana.pl\/index.php?rest_route=%2Fwp%2Fv2%2Fmedia&parent=186"}],"curies":[{"name":"wp","href":"https:\/\/api.w.org\/{rel}","templated":true}]}}