{"id":193,"date":"2013-12-24T22:54:32","date_gmt":"2013-12-24T21:54:32","guid":{"rendered":"http:\/\/sanboin.mahajana.net\/?page_id=193"},"modified":"2013-12-24T22:54:32","modified_gmt":"2013-12-24T21:54:32","slug":"glowni-nauczyciele-w-klasztorach","status":"publish","type":"page","link":"https:\/\/sanboin.mahajana.pl\/?page_id=193","title":{"rendered":"G\u0142\u00f3wni nauczyciele w&nbsp;klasztorach"},"content":{"rendered":"<p>Wszystkie wymienione klasztory s\u0105\u00a0<b><i>Sodo<\/i><\/b>\u00a0\u2014 zamkni\u0119tymi klasztorami dla mnich\u00f3w. Wszyscy nauczyciele \u2014\u00a0<b><i>Roshi<\/i><\/b>, s\u0105\u00a0<b><i>Shike<\/i><\/b>.<\/p>\n<p><b>Myogoji<\/b>\u00a0\u2014\u00a0<b><i>Fukuyama Taiho Roshi<\/i><\/b>. Urodzony w&nbsp;1933 roku 13 listopada. Jest r\u00f3wnie\u017c wiceopatem Eiheiji.<\/p>\n<p><b>Saiyuji<\/b>\u00a0\u2014\u00a0<b><i>Matsubara Tairyu Roshi<\/i><\/b>.<\/p>\n<p><b>Koshoji<\/b>\u00a0\u2014\u00a0<b><i>Uemoto Setsudo Roshi<\/i><\/b>.<\/p>\n<p><b>Zuioji<\/b>\u00a0\u2014\u00a0<b><i>Narazaki Tsugen Roshi<\/i><\/b>.<\/p>\n<p><b>Kotaiji<\/b>\u00a0\u2014\u00a0<b><i>Oota Taijo Roshi<\/i><\/b>.<\/p>\n<p><b>Hosshinji<\/b>\u00a0\u2014\u00a0<b><i>Harada Sekkei Roshi<\/i><\/b>.<\/p>\n<p><b>Hozenji<\/b>\u00a0\u2014\u00a0<b><i>Saito Yoshinobu Roshi<\/i><\/b>.<\/p>\n<p><b>Aichi Nisenmon Sodo<\/b>\u00a0\u2014\u00a0<b><i>Aoyama Shundo Roshi<\/i><\/b>.<\/p>\n<p><b>Daijoji<\/b>\u00a0\u2014\u00a0<b><i>Azuma Ryushin Roshi<\/i><\/b>.<\/p>\n<p><b>Shoboji<\/b>\u00a0\u2014\u00a0<b><i>Machida Taiken Roshi<\/i><\/b>.<\/p>\n","protected":false},"excerpt":{"rendered":"<p>Wszystkie wymienione klasztory s\u0105\u00a0Sodo\u00a0\u2014 zamkni\u0119tymi klasztorami dla mnich\u00f3w. Wszyscy nauczyciele \u2014\u00a0Roshi, s\u0105\u00a0Shike. Myogoji\u00a0\u2014\u00a0Fukuyama Taiho Roshi.<a class=\"post_read_more\" href=\"https:\/\/sanboin.mahajana.pl\/?page_id=193\">Czytaj dalej<\/a><\/p>\n","protected":false},"author":1,"featured_media":0,"parent":12,"menu_order":0,"comment_status":"closed","ping_status":"closed","template":"","meta":[],"_links":{"self":[{"href":"https:\/\/sanboin.mahajana.pl\/index.php?rest_route=\/wp\/v2\/pages\/193"}],"collection":[{"href":"https:\/\/sanboin.mahajana.pl\/index.php?rest_route=\/wp\/v2\/pages"}],"about":[{"href":"https:\/\/sanboin.mahajana.pl\/index.php?rest_route=\/wp\/v2\/types\/page"}],"author":[{"embeddable":true,"href":"https:\/\/sanboin.mahajana.pl\/index.php?rest_route=\/wp\/v2\/users\/1"}],"replies":[{"embeddable":true,"href":"https:\/\/sanboin.mahajana.pl\/index.php?rest_route=%2Fwp%2Fv2%2Fcomments&post=193"}],"version-history":[{"count":1,"href":"https:\/\/sanboin.mahajana.pl\/index.php?rest_route=\/wp\/v2\/pages\/193\/revisions"}],"predecessor-version":[{"id":194,"href":"https:\/\/sanboin.mahajana.pl\/index.php?rest_route=\/wp\/v2\/pages\/193\/revisions\/194"}],"up":[{"embeddable":true,"href":"https:\/\/sanboin.mahajana.pl\/index.php?rest_route=\/wp\/v2\/pages\/12"}],"wp:attachment":[{"href":"https:\/\/sanboin.mahajana.pl\/index.php?rest_route=%2Fwp%2Fv2%2Fmedia&parent=193"}],"curies":[{"name":"wp","href":"https:\/\/api.w.org\/{rel}","templated":true}]}}