{"id":45,"date":"2013-12-21T20:26:55","date_gmt":"2013-12-21T19:26:55","guid":{"rendered":"http:\/\/sanboin.mahajana.net\/?page_id=45"},"modified":"2018-05-18T08:08:42","modified_gmt":"2018-05-18T06:08:42","slug":"informacje-o-opacie","status":"publish","type":"page","link":"https:\/\/sanboin.mahajana.pl\/?page_id=45","title":{"rendered":"Informacje o&nbsp;opacie"},"content":{"rendered":"<p style=\"text-align: justify;\">Opatem \u015bwi\u0105tyni jest Czcigodny Kanzen. Czcigodny Kanzen praktyk\u0119 zen zacz\u0105\u0142 w&nbsp;po\u0142owie lat siedemdziesi\u0105tych XX wieku, a&nbsp;od&nbsp;1984\u00a0roku praktykowa\u0142 zen w&nbsp;Japonii. Zosta\u0142 wy\u015bwi\u0119cony w&nbsp;1989\u00a0roku na&nbsp;mnicha soto zen w&nbsp;Tokio i&nbsp;uko\u0144czy\u0142 edukacj\u0119 klasztorn\u0105 wymagan\u0105 od&nbsp;mnich\u00f3w soto w&nbsp;klasztorze Daiyuzan Saijoji, najwi\u0119kszym klasztorze we&nbsp;wschodniej Japonii.<\/p>\n<p style=\"text-align: justify;\">Praktykowa\u0142 z&nbsp;r\u00f3\u017cnymi nauczycielami japo\u0144skimi, ale&nbsp;jego g\u0142\u00f3wnym nauczycielem zen od&nbsp;1984 roku by\u0142 Harada Tangen Roshi, opat \u015bwi\u0105tyni Bukkokuji na&nbsp;wybrze\u017cu Morza Japo\u0144skiego w&nbsp;ma\u0142ej miejscowo\u015bci oddalonej oko\u0142o 600\u00a0km od&nbsp;Tokio.<\/p>\n<p style=\"text-align: justify;\">Kanzen pracuje na&nbsp;co dzie\u0144 w&nbsp;\u015bwi\u0105tyni Sanboin w&nbsp;Szczecinie oraz&nbsp;w&nbsp;\u015bwi\u0105tyni Engakuin w&nbsp;Poznaniu, kt\u00f3rej&nbsp;r\u00f3wnie\u017c jest opatem. Do&nbsp;2011 roku okresowo pomaga\u0142 w&nbsp;\u015bwi\u0105tyni, gdzie by\u0142 wy\u015bwi\u0119cony w&nbsp;Tokio i&nbsp;cztery razy w&nbsp;roku bra\u0142 udzia\u0142 w&nbsp;tygodniowych sesshin pod&nbsp;kierunkiem Tangena Roshiego w&nbsp;Bukkokuji. Od&nbsp;sierpnia 1992 roku zajmowa\u0142 si\u0119 administrowaniem Misji Buddyjskiej &#8211; Trzy Schronienia w&nbsp;Polsce, kt\u00f3rej&nbsp;by\u0142 za\u0142o\u017cycielem. W&nbsp;ci\u0105gu tego okresu w&nbsp;Misji Buddyjskiej zosta\u0142o zarejestrowanych prawie 40 o\u015brodk\u00f3w r\u00f3\u017cnych szk\u00f3\u0142 buddyjskich pochodz\u0105cych z&nbsp;Japonii, Tybetu i&nbsp;Korei.<\/p>\n<p style=\"text-align: justify;\">Opr\u00f3cz pracy w&nbsp;2 miejskich \u015bwi\u0105tyniach tworzy o\u015brodek praktyki zen na&nbsp;wsi, kt\u00f3rego&nbsp;celem b\u0119dzie trening zen na&nbsp;wz\u00f3r japo\u0144skiej \u015bwi\u0105tyni zen, gdzie b\u0119dzie odbywa\u0142o si\u0119 ca\u0142oroczne odosobnienie dla powa\u017cnych praktykuj\u0105cych.<\/p>\n","protected":false},"excerpt":{"rendered":"<p>Opatem \u015bwi\u0105tyni jest Czcigodny Kanzen. Czcigodny Kanzen praktyk\u0119 zen zacz\u0105\u0142 w&nbsp;po\u0142owie lat siedemdziesi\u0105tych XX wieku,<a class=\"post_read_more\" href=\"https:\/\/sanboin.mahajana.pl\/?page_id=45\">Czytaj dalej<\/a><\/p>\n","protected":false},"author":1,"featured_media":234,"parent":7,"menu_order":0,"comment_status":"closed","ping_status":"closed","template":"","meta":[],"_links":{"self":[{"href":"https:\/\/sanboin.mahajana.pl\/index.php?rest_route=\/wp\/v2\/pages\/45"}],"collection":[{"href":"https:\/\/sanboin.mahajana.pl\/index.php?rest_route=\/wp\/v2\/pages"}],"about":[{"href":"https:\/\/sanboin.mahajana.pl\/index.php?rest_route=\/wp\/v2\/types\/page"}],"author":[{"embeddable":true,"href":"https:\/\/sanboin.mahajana.pl\/index.php?rest_route=\/wp\/v2\/users\/1"}],"replies":[{"embeddable":true,"href":"https:\/\/sanboin.mahajana.pl\/index.php?rest_route=%2Fwp%2Fv2%2Fcomments&post=45"}],"version-history":[{"count":7,"href":"https:\/\/sanboin.mahajana.pl\/index.php?rest_route=\/wp\/v2\/pages\/45\/revisions"}],"predecessor-version":[{"id":446,"href":"https:\/\/sanboin.mahajana.pl\/index.php?rest_route=\/wp\/v2\/pages\/45\/revisions\/446"}],"up":[{"embeddable":true,"href":"https:\/\/sanboin.mahajana.pl\/index.php?rest_route=\/wp\/v2\/pages\/7"}],"wp:featuredmedia":[{"embeddable":true,"href":"https:\/\/sanboin.mahajana.pl\/index.php?rest_route=\/wp\/v2\/media\/234"}],"wp:attachment":[{"href":"https:\/\/sanboin.mahajana.pl\/index.php?rest_route=%2Fwp%2Fv2%2Fmedia&parent=45"}],"curies":[{"name":"wp","href":"https:\/\/api.w.org\/{rel}","templated":true}]}}

<p style="text-align: justify;">Opatem świątyni jest Czcigodny Kanzen. Czcigodny Kanzen praktykę zen zaczął w&nbsp;połowie lat siedemdziesiątych XX wieku, a&nbsp;od&nbsp;1984 roku praktykował zen w&nbsp;Japonii. Został wyświęcony w&nbsp;1989 roku na&nbsp;mnicha soto zen w&nbsp;Tokio i&nbsp;ukończył edukację klasztorną wymaganą od&nbsp;mnichów soto w&nbsp;klasztorze Daiyuzan Saijoji, największym klasztorze we&nbsp;wschodniej Japonii.</p>
<p style="text-align: justify;">Praktykował z&nbsp;różnymi nauczycielami japońskimi, ale&nbsp;jego głównym nauczycielem zen od&nbsp;1984 roku był Harada Tangen Roshi, opat świątyni Bukkokuji na&nbsp;wybrzeżu Morza Japońskiego w&nbsp;małej miejscowości oddalonej około 600 km od&nbsp;Tokio.</p>
<p style="text-align: justify;">Kanzen pracuje na&nbsp;co dzień w&nbsp;świątyni Sanboin w&nbsp;Szczecinie oraz&nbsp;w&nbsp;świątyni Engakuin w&nbsp;Poznaniu, której&nbsp;również jest opatem. Do&nbsp;2011 roku okresowo pomagał w&nbsp;świątyni, gdzie był wyświęcony w&nbsp;Tokio i&nbsp;cztery razy w&nbsp;roku brał udział w&nbsp;tygodniowych sesshin pod&nbsp;kierunkiem Tangena Roshiego w&nbsp;Bukkokuji. Od&nbsp;sierpnia 1992 roku zajmował się administrowaniem Misji Buddyjskiej &#8211; Trzy Schronienia w&nbsp;Polsce, której&nbsp;był założycielem. W&nbsp;ciągu tego okresu w&nbsp;Misji Buddyjskiej zostało zarejestrowanych prawie 40 ośrodków różnych szkół buddyjskich pochodzących z&nbsp;Japonii, Tybetu i&nbsp;Korei.</p>
<p style="text-align: justify;">Oprócz pracy w&nbsp;2 miejskich świątyniach tworzy ośrodek praktyki zen na&nbsp;wsi, którego&nbsp;celem będzie trening zen na&nbsp;wzór japońskiej świątyni zen, gdzie będzie odbywało się całoroczne odosobnienie dla poważnych praktykujących.</p>

<p>Opatem świątyni jest Czcigodny Kanzen. Czcigodny Kanzen praktykę zen zaczął w&nbsp;połowie lat siedemdziesiątych XX wieku,<a class="post_read_more" href="https://sanboin.mahajana.pl/?page_id=45">Czytaj dalej</a></p>
