{"id":47,"date":"2013-12-21T20:27:19","date_gmt":"2013-12-21T19:27:19","guid":{"rendered":"http:\/\/sanboin.mahajana.net\/?page_id=47"},"modified":"2023-06-16T21:34:30","modified_gmt":"2023-06-16T19:34:30","slug":"cotygodniowe-praktyki","status":"publish","type":"page","link":"https:\/\/sanboin.mahajana.pl\/?page_id=47","title":{"rendered":"Cotygodniowe praktyki"},"content":{"rendered":"<p style=\"text-align: justify;\">Zazen w&nbsp;\u015bwi\u0105tyni:<\/p>\n<p><strong><span style=\"color: #333333;\"><span style=\"font-family: Georgia, 'Times New Roman', 'Bitstream Charter', Times, serif;\"><span style=\"font-size: medium;\"><b>czwartek, godz.&nbsp;19-20<br \/>\nniedziela, godz.&nbsp;10-12<\/b><\/span><\/span><\/span><\/strong><\/p>\n<p><span style=\"color: #333333;\"><span style=\"font-family: Georgia, 'Times New Roman', 'Bitstream Charter', Times, serif;\"><span style=\"font-size: medium;\">UWAGA.<\/span><\/span><\/span><\/p>\n<p><span style=\"color: #333333;\"><span style=\"font-family: Georgia, 'Times New Roman', 'Bitstream Charter', Times, serif;\"><span style=\"font-size: medium;\">Osoby, kt\u00f3re chc\u0105 przyj\u015b\u0107 po&nbsp;raz pierwszy proszone s\u0105 o&nbsp;kontakt email: sanboin@mahajana.net\u00a0<\/span><\/span><\/span><br \/>\n<strong><span style=\"color: #333333;\"><span style=\"font-family: Georgia, 'Times New Roman', 'Bitstream Charter', Times, serif;\"><span style=\"font-size: medium;\">Praktyka zazen w&nbsp;Sanboin<\/span><\/span><\/span><\/strong><\/p>\n<p><span style=\"color: #333333;\"><span style=\"font-family: Georgia, 'Times New Roman', 'Bitstream Charter', Times, serif;\"><span style=\"font-size: medium;\">Dokusan &#8211;\u00a0 indywidualne instrukcje do&nbsp;zazen. W&nbsp;czasie dokusan nie&nbsp;podejmuje si\u0119 innych temat\u00f3w dotycz\u0105cych nauk buddyjskich, innych praktyk czy&nbsp;osobistych problem\u00f3w. Ta zasada musi by\u0107 przestrzegana. Na\u00a0dokusan obowi\u0105zuje formalna,\u00a0ale prosta procedura, kt\u00f3rej&nbsp;uczy si\u0119 osoby, kt\u00f3re po&nbsp;raz pierwszy uczestnicz\u0105 w&nbsp;zazen.<\/span><\/span><\/span><\/p>\n<p><span style=\"color: #333333;\"><span style=\"font-family: Georgia, 'Times New Roman', 'Bitstream Charter', Times, serif;\"><span style=\"font-size: medium;\">Linia nauczania, na&nbsp;kt\u00f3rej&nbsp;si\u0119 opieramy, k\u0142adzie bezwzgl\u0119dny i&nbsp;bezwarunkowy nacisk na&nbsp;urzeczywistnienie <em><strong>kensho<\/strong><\/em> i&nbsp;<em><strong>daigo tettei<\/strong><\/em>. Oba terminy zen odnosz\u0105 si\u0119 do&nbsp;autentycznego urzeczywistnienia bezja\u017aniowo\u015bci w&nbsp;zgodzie z&nbsp;naukami prad\u017cni paramity \u2013 doskona\u0142ej m\u0105dro\u015bci.<\/span><\/span><\/span><\/p>\n<p><span style=\"color: #333333;\"><span style=\"font-family: Georgia, 'Times New Roman', 'Bitstream Charter', Times, serif;\"><span style=\"font-size: medium;\">Tego typu cel i&nbsp;praktyka nie&nbsp;toleruj\u0105 \u017cadnych kompromis\u00f3w, st\u0105d wynika do\u015b\u0107 surowy styl praktyki w&nbsp;Sanboin.<\/span><\/span><\/span><\/p>\n<p><span style=\"color: #333333;\"><span style=\"font-family: Georgia, 'Times New Roman', 'Bitstream Charter', Times, serif;\"><span style=\"font-size: medium;\">Na&nbsp;Zachodzie i&nbsp;w&nbsp;Polsce istnieje wielka ilo\u015b\u0107 b\u0142\u0119dnych pogl\u0105d\u00f3w na&nbsp;temat zen i&nbsp;zazen. Ponadto zazwyczaj mamy te\u017c wiele\u00a0b\u0142\u0119dnych wyobra\u017ce\u0144 dotycz\u0105cych samej praktyki dharmy.<\/span><\/span><\/span><\/p>\n<p><span style=\"color: #333333;\"><span style=\"font-family: Georgia, 'Times New Roman', 'Bitstream Charter', Times, serif;\"><span style=\"font-size: medium;\">Zazen w&nbsp;\u015bwi\u0105tyni opiera si\u0119 na&nbsp;tradycyjnej praktyce zen, nie&nbsp;ma nic wsp\u00f3lnego z&nbsp;obecn\u0105 tendencj\u0105 u\u017cycia zen w&nbsp;tzw. osobistym rozwoju, rozwoju duchowym, nowoczesnym podej\u015bciem uwa\u017cno\u015bci, czy&nbsp;wszelkimi innymi nowo powsta\u0142ymi trendami na&nbsp;Zachodzie.<\/span><\/span><\/span><\/p>\n<p><strong><span style=\"color: #333333;\"><span style=\"font-family: Georgia, 'Times New Roman', 'Bitstream Charter', Times, serif;\"><span style=\"font-size: medium;\">Og\u00f3lne uwagi.<\/span><\/span><\/span><\/strong><br \/>\n<span style=\"color: #333333;\"><span style=\"font-family: Georgia, 'Times New Roman', 'Bitstream Charter', Times, serif;\"><span style=\"font-size: medium;\">W&nbsp;og\u00f3lnej praktyce dharmy buddhy jest pewna logiczna kolejno\u015b\u0107. Fundamentem jest tak&nbsp;zwany w\u0142a\u015bciwy pogl\u0105d. Je\u015bli kto\u015b nie&nbsp;ma w\u0142a\u015bciwego pogl\u0105du, kt\u00f3ry&nbsp;zawiera u&nbsp;podstawy prawid\u0142owe zrozumienie znaczenia schronienia buddyjskiego, prawa karmy, wskazania moralnej dyscypliny oraz&nbsp;w\u0142a\u015bciw\u0105 motywacj\u0119, to&nbsp;podejmowanie praktyki buddyjskiej jest bezu\u017cyteczne, poniewa\u017c po&nbsp;pierwsze nie&nbsp;wiadomo co w\u0142a\u015bciwie b\u0119dzie praktykowane, na&nbsp;pewno to&nbsp;nie&nbsp;b\u0119dzie \u017caden buddyzm, a&nbsp;po&nbsp;drugie bez&nbsp;w\u0142a\u015bciwego pogl\u0105du mo\u017cna \u0142atwo rozwin\u0105\u0107 ca\u0142kowicie b\u0142\u0119dne pogl\u0105dy niezgodne z&nbsp;dharm\u0105, a&nbsp;to&nbsp;przynosi negatywne skutki.<\/span><\/span><\/span><\/p>\n<p><span style=\"color: #333333;\"><span style=\"font-family: Georgia, 'Times New Roman', 'Bitstream Charter', Times, serif;\"><span style=\"font-size: medium;\">Dlatego\u00a0w Sanboin k\u0142adziemy nacisk na&nbsp;to, i\u017c zazen wymaga odpowiedniej motywacji, w&nbsp;tym \u015bwiadomo\u015bci, i\u017c powinno si\u0119 przyj\u0105\u0107 schronienie w&nbsp;Trzech Klejnotach. <\/span><\/span><\/span><\/p>\n<p><span style=\"color: #333333;\"><span style=\"font-family: Georgia, 'Times New Roman', 'Bitstream Charter', Times, serif;\"><span style=\"font-size: medium;\">Poza wy\u017cej wymienionymi og\u00f3lnymi sprawami, w&nbsp;zen w\u0142a\u015bciwym pogl\u0105dem jest pogl\u0105d na&nbsp;nasz\u0105 prawdziw\u0105 natur\u0119, natur\u0119 naszego umys\u0142u lub inaczej na&nbsp;natur\u0119 buddhy. Innymi s\u0142owy zen wskazuje na&nbsp;to&nbsp;co nieuwarunkowane, pierwotnie doskona\u0142e i&nbsp;czyste, stan wolny od&nbsp;dualizmu sansary i&nbsp;nirwany.<\/span><\/span><\/span><\/p>\n<p><span style=\"color: #333333;\"><span style=\"font-family: Georgia, 'Times New Roman', 'Bitstream Charter', Times, serif;\"><span style=\"font-size: medium;\">Zach\u0119camy ka\u017cdego, by\u00a0przez jaki\u015b czas lub stale otrzymywa\u0142 nauki w&nbsp;\u015bwi\u0105tyni i&nbsp;pozna\u0142 jakie s\u0105 og\u00f3lne zasady praktyki buddyjskiej. R\u00f3wnie\u017c osoby, kt\u00f3re otrzymywa\u0142y nauki od&nbsp;innych nauczycieli mog\u0105 bra\u0107 udzia\u0142 w&nbsp;zazen.<\/span><\/span><\/span><\/p>\n<p><span style=\"color: #333333;\"><span style=\"font-family: Georgia, 'Times New Roman', 'Bitstream Charter', Times, serif;\"><span style=\"font-size: medium;\">Obecnie opat \u015bwi\u0105tyni prowadzi cotygodniowe nauki, kt\u00f3re s\u0105 otwarte dla wszystkich. Obejmuj\u0105 one podsumowanie komentarza do\u00a0<\/span><\/span><\/span><em><span style=\"color: #333333;\"><span style=\"font-family: Georgia, 'Times New Roman', 'Bitstream Charter', Times, serif;\"><span style=\"font-size: medium;\">Gakudo yojin shu &#8211; Zbi\u00f3r instrukcji \u00a0dla praktykuj\u0105cych drog\u0119<\/span><\/span><\/span><\/em><span style=\"color: #333333;\"><span style=\"font-family: Georgia, 'Times New Roman', 'Bitstream Charter', Times, serif;\"><span style=\"font-size: medium;\">, klasyczny tekst zen dla powa\u017cnych i&nbsp;oddanych uczni\u00f3w oraz&nbsp;komentarz do&nbsp;<\/span><\/span><\/span><em><span style=\"color: #333333;\"><span style=\"font-family: Georgia, 'Times New Roman', 'Bitstream Charter', Times, serif;\"><span style=\"font-size: medium;\">Fukan zazengi \u2013 Powszechnych instrukcji do&nbsp;zazen, <\/span><\/span><\/span><\/em><span style=\"color: #333333;\"><span style=\"font-family: Georgia, 'Times New Roman', 'Bitstream Charter', Times, serif;\"><span style=\"font-size: medium;\">oba teksty s\u0105 autorstwa Eihei Dogena Zenji, trzynastowiecznego mistrza zen w&nbsp;Japonii.<\/span><\/span><\/span><\/p>\n<p><span style=\"color: #333333;\"><span style=\"font-family: Georgia, 'Times New Roman', 'Bitstream Charter', Times, serif;\"><span style=\"font-size: medium;\">Udzia\u0142 w&nbsp;naukach daje pewn\u0105 gwarancj\u0119, i\u017c osoby okre\u015blaj\u0105ce si\u0119 jako buddy\u015bci rzeczywi\u015bcie wiedz\u0105 o&nbsp;czym m\u00f3wi\u0105 i&nbsp;co deklaruj\u0105. \u015awi\u0105tynia nie&nbsp;jest \u201eklubem medytacyjnym\u201d, ani te\u017c nie&nbsp;propaguje na&nbsp;o\u015blep \u201e\u015bcie\u017cek duchowych dla wszystkich\u201d, ale&nbsp;skupia si\u0119 jedynie na&nbsp;nauczaniu dharmy w&nbsp;takiej formie, w&nbsp;jakiej jest nauczana w&nbsp;Japonii.<\/span><\/span><\/span><\/p>\n<h2 style=\"text-align: center;\">PRAKTYKA JIZO BOSATSU<\/h2>\n<p style=\"text-align: justify;\"><em>Og\u00f3lne zalecenia.<\/em><\/p>\n<p style=\"text-align: justify;\">Przed&nbsp;rozpocz\u0119ciem praktyki nale\u017cy to&nbsp;zgromadzi\u0107 odpowiednie materia\u0142y, ale&nbsp;tak\u017ce odpowiednio przygotowa\u0107 miejsce. Je\u015bli praktyka odbywa si\u0119 w&nbsp;\u015bwi\u0105tyni winna ona by&nbsp;posprz\u0105tana i&nbsp;wywietrzona. Dotyczy to&nbsp;r\u00f3wnie\u017c mieszka\u0144, czy&nbsp;pokoi, gdzie praktykujemy.<\/p>\n<p style=\"text-align: justify;\">Na&nbsp;o\u0142tarzu (w&nbsp;przypadku, kiedy praktykujemy w&nbsp;domu) winien znajdowa\u0107 si\u0119 wizerunek JIZO, przed&nbsp;kt\u00f3rym&nbsp;powinno si\u0119 pali\u0107 ca\u0142y czas kadzid\u0142o.<\/p>\n<p style=\"text-align: justify;\">Wa\u017cne s\u0105 ofiary w&nbsp;postaci:<\/p>\n<p><span style=\"text-align: justify;\">&#8211; wody,<\/span><br \/>\n<span style=\"text-align: justify;\">&#8211; \u015bwiec,<\/span><br \/>\n<span style=\"text-align: justify;\">&#8211; s\u0142odyczy<\/span><br \/>\n<span style=\"text-align: justify;\">&#8211; kwiat\u00f3w,<\/span><br \/>\n<span style=\"text-align: justify;\">&#8211; owoc\u00f3w.<\/span><\/p>\n<p style=\"text-align: justify;\">Powinny by\u0107 ka\u017cdorazowo wymienione.<\/p>\n<p style=\"text-align: justify;\">Do&nbsp;praktyki u\u017cywamy materia\u0142\u00f3w specjalnie do&nbsp;tego celu przygotowanych i&nbsp;nieu\u017cywanych w&nbsp;innych sytuacjach:<\/p>\n<p><span style=\"text-align: justify;\">&#8211; piecz\u0105tka z&nbsp;wizerunkiem JIZO BOSATSU;<\/span><br \/>\n<span style=\"text-align: justify;\">&#8211; karteczki w&nbsp;liczbie 10\u00a0000 szt., na&nbsp;kt\u00f3rych&nbsp;powielamy wizerunek JIZO BOSATSU;<\/span><br \/>\n<span style=\"text-align: justify;\">&#8211; tekst Sutry (,,Sutra Pierwotnych \u015alubowa\u0144 Ksitigarbhy Bodhisattwy&#8221;);<\/span><br \/>\n<span style=\"text-align: justify;\">&#8211; tusz czerwony;<\/span><br \/>\n<span style=\"text-align: justify;\">&#8211; poduszeczka do&nbsp;tuszu;<\/span><br \/>\n<span style=\"text-align: justify;\">&#8211; stolik, przy kt\u00f3rym&nbsp;mo\u017cemy usi\u0105\u015b\u0107 w&nbsp;czasie praktyki;<\/span><\/p>\n<p style=\"text-align: justify;\">W&nbsp;\u015awi\u0105tyni Sanboin praktyka Jizo odbywa\u0142a si\u0119 regularnie. Teraz nie&nbsp;ma zorganizowanej praktyki grupowej, ale&nbsp;osoby zainteresowane mog\u0105 si\u0119 g\u0142osi\u0107 po&nbsp;dok\u0142adniejsze wyja\u015bnienia.<\/p>\n<p style=\"text-align: justify;\">Do&nbsp;praktyki jest komentarz Daiun Sogaku Roshiego, przet\u0142umaczony na&nbsp;j\u0119zyk polski. Zainteresowane osoby mog\u0105 go naby\u0107 w&nbsp;\u015bwi\u0105tyni.<\/p>\n","protected":false},"excerpt":{"rendered":"<p>Zazen w&nbsp;\u015bwi\u0105tyni: czwartek, godz.&nbsp;19-20 niedziela, godz.&nbsp;10-12 UWAGA. Osoby, kt\u00f3re chc\u0105 przyj\u015b\u0107 po&nbsp;raz pierwszy proszone s\u0105<a class=\"post_read_more\" href=\"https:\/\/sanboin.mahajana.pl\/?page_id=47\">Czytaj dalej<\/a><\/p>\n","protected":false},"author":1,"featured_media":301,"parent":7,"menu_order":0,"comment_status":"closed","ping_status":"closed","template":"","meta":[],"_links":{"self":[{"href":"https:\/\/sanboin.mahajana.pl\/index.php?rest_route=\/wp\/v2\/pages\/47"}],"collection":[{"href":"https:\/\/sanboin.mahajana.pl\/index.php?rest_route=\/wp\/v2\/pages"}],"about":[{"href":"https:\/\/sanboin.mahajana.pl\/index.php?rest_route=\/wp\/v2\/types\/page"}],"author":[{"embeddable":true,"href":"https:\/\/sanboin.mahajana.pl\/index.php?rest_route=\/wp\/v2\/users\/1"}],"replies":[{"embeddable":true,"href":"https:\/\/sanboin.mahajana.pl\/index.php?rest_route=%2Fwp%2Fv2%2Fcomments&post=47"}],"version-history":[{"count":11,"href":"https:\/\/sanboin.mahajana.pl\/index.php?rest_route=\/wp\/v2\/pages\/47\/revisions"}],"predecessor-version":[{"id":485,"href":"https:\/\/sanboin.mahajana.pl\/index.php?rest_route=\/wp\/v2\/pages\/47\/revisions\/485"}],"up":[{"embeddable":true,"href":"https:\/\/sanboin.mahajana.pl\/index.php?rest_route=\/wp\/v2\/pages\/7"}],"wp:featuredmedia":[{"embeddable":true,"href":"https:\/\/sanboin.mahajana.pl\/index.php?rest_route=\/wp\/v2\/media\/301"}],"wp:attachment":[{"href":"https:\/\/sanboin.mahajana.pl\/index.php?rest_route=%2Fwp%2Fv2%2Fmedia&parent=47"}],"curies":[{"name":"wp","href":"https:\/\/api.w.org\/{rel}","templated":true}]}}