{"id":50,"date":"2013-12-21T20:28:03","date_gmt":"2013-12-21T19:28:03","guid":{"rendered":"http:\/\/sanboin.mahajana.net\/?page_id=50"},"modified":"2013-12-26T06:21:51","modified_gmt":"2013-12-26T05:21:51","slug":"okresowe-odosobnienia","status":"publish","type":"page","link":"https:\/\/sanboin.mahajana.pl\/?page_id=50","title":{"rendered":"Okresowe odosobnienia"},"content":{"rendered":"<p style=\"text-align: justify;\">Sanboin obecnie organizuje raz w&nbsp;roku w&nbsp;lutym odosobnienie poza Szczecinem. Odosobnienie trwa od&nbsp;5 do&nbsp;10 dni. Warunki uczestnictwa i&nbsp;dok\u0142adne daty s\u0105 zawsze podawane w&nbsp;og\u0142oszeniu na&nbsp;kilka miesi\u0119cy przed&nbsp;odosobnieniem. Liczba uczestnik\u00f3w ograniczona jest do&nbsp;20 os\u00f3b.<\/p>\n","protected":false},"excerpt":{"rendered":"<p>Sanboin obecnie organizuje raz w&nbsp;roku w&nbsp;lutym odosobnienie poza Szczecinem. Odosobnienie trwa od&nbsp;5 do&nbsp;10 dni. Warunki<a class=\"post_read_more\" href=\"https:\/\/sanboin.mahajana.pl\/?page_id=50\">Czytaj dalej<\/a><\/p>\n","protected":false},"author":1,"featured_media":237,"parent":7,"menu_order":0,"comment_status":"closed","ping_status":"closed","template":"","meta":[],"_links":{"self":[{"href":"https:\/\/sanboin.mahajana.pl\/index.php?rest_route=\/wp\/v2\/pages\/50"}],"collection":[{"href":"https:\/\/sanboin.mahajana.pl\/index.php?rest_route=\/wp\/v2\/pages"}],"about":[{"href":"https:\/\/sanboin.mahajana.pl\/index.php?rest_route=\/wp\/v2\/types\/page"}],"author":[{"embeddable":true,"href":"https:\/\/sanboin.mahajana.pl\/index.php?rest_route=\/wp\/v2\/users\/1"}],"replies":[{"embeddable":true,"href":"https:\/\/sanboin.mahajana.pl\/index.php?rest_route=%2Fwp%2Fv2%2Fcomments&post=50"}],"version-history":[{"count":2,"href":"https:\/\/sanboin.mahajana.pl\/index.php?rest_route=\/wp\/v2\/pages\/50\/revisions"}],"predecessor-version":[{"id":144,"href":"https:\/\/sanboin.mahajana.pl\/index.php?rest_route=\/wp\/v2\/pages\/50\/revisions\/144"}],"up":[{"embeddable":true,"href":"https:\/\/sanboin.mahajana.pl\/index.php?rest_route=\/wp\/v2\/pages\/7"}],"wp:featuredmedia":[{"embeddable":true,"href":"https:\/\/sanboin.mahajana.pl\/index.php?rest_route=\/wp\/v2\/media\/237"}],"wp:attachment":[{"href":"https:\/\/sanboin.mahajana.pl\/index.php?rest_route=%2Fwp%2Fv2%2Fmedia&parent=50"}],"curies":[{"name":"wp","href":"https:\/\/api.w.org\/{rel}","templated":true}]}}

<p style="text-align: justify;">Sanboin obecnie organizuje raz w&nbsp;roku w&nbsp;lutym odosobnienie poza Szczecinem. Odosobnienie trwa od&nbsp;5 do&nbsp;10 dni. Warunki uczestnictwa i&nbsp;dokładne daty są zawsze podawane w&nbsp;ogłoszeniu na&nbsp;kilka miesięcy przed&nbsp;odosobnieniem. Liczba uczestników ograniczona jest do&nbsp;20 osób.</p>
